 v(m) = -4017*m + 184782. What is v(46)?
0
Let a(i) = i**3 - 8*i**2 - 39*i - 291. What is a(-10)?
-1701
Let f(r) = -5*r**2 + 1573*r - 109812. What is f(210)?
18
Let z(c) = 751*c - 69571. Determine z(91).
-1230
Let d(u) = -25538*u + 11006851. Give d(431).
-27
Let y(s) = 2*s**3 - 409*s**2 - 193*s - 2214. Determine y(205).
246
Let u(z) = -1810*z - 68823. Give u(-38).
-43
Let j(a) = 10312*a - 30415. What is j(3)?
521
Let d(v) = v**3 - 55*v**2 - 561*v + 386. Determine d(-9).
251
Let g(n) = -4*n**3 + 32*n**2 + 78*n - 22. Calculate g(10).
-42
Let v(p) = -58*p**2 + 574*p + 1802. Calculate v(-3).
-442
Let y(f) = 1506*f + 82429. What is y(-56)?
-1907
Let a(t) = -6*t**2 + 101*t + 3. Determine a(16).
83
Let o(x) = -12179*x - 121807. Give o(-10).
-17
Let r(l) = l**2 - 2087822*l + 4175643. What is r(2)?
3
Let r(y) = -5487*y + 159171. Calculate r(29).
48
Let r(j) = -4*j**3 + 134*j**2 + 46*j - 3639. Determine r(33).
57
Let t(n) = -27*n**2 + 494*n - 143. What is t(18)?
1
Let y(f) = -284*f - 17208. Determine y(-59).
-452
Let x(t) = -826*t - 103259. Give x(-125).
-9
Let d(u) = 20*u**2 - 403*u + 34. Give d(20).
-26
Let u(f) = 96881*f - 1550097. What is u(16)?
-1
Let u(c) = -c**3 - 100*c**2 + 27068*c - 3534. Calculate u(-222).
18
Let a(q) = 5*q**3 - 37*q**2 + 74*q + 300. Give a(-2).
-36
Let g(j) = -22*j**2 + 510*j - 91. What is g(23)?
1
Let i(z) = -4240*z + 330719. Calculate i(78).
-1
Let w(v) = -2*v**3 - 56*v**2 - 151*v - 82. Determine w(-25).
-57
Let o(c) = 6*c**2 + 248*c - 123006. Determine o(124).
2
Let w(v) = 436*v - 2316. Calculate w(5).
-136
Let d(w) = -w**3 - 143*w**2 - 2644*w + 2152. Calculate d(-121).
-26
Let v(m) = -m**2 + 6368*m - 127024. Determine v(20).
-64
Let x(n) = -n**2 + 513*n - 50740. What is x(379)?
46
Let r(z) = -z**3 + 62*z**2 + 566*z - 56495. What is r(52)?
-23
Let g(r) = 1005*r - 1554. Give g(4).
2466
Let t(i) = 298*i**2 - 1865*i + 498. What is t(6)?
36
Let u(z) = -3393*z + 33803. Calculate u(10).
-127
Let f(y) = 2260*y - 41632. Calculate f(18).
-952
Let z(a) = -6899*a + 1207323. Calculate z(175).
-2
Let j(o) = -1974*o - 570495. Determine j(-289).
-9
Let r(k) = -k**2 - 10*k + 114. Calculate r(-32).
-590
Let x(c) = -64*c**2 + 19*c + 28616. What is x(-21)?
-7
Let p(k) = k**3 - 83*k**2 - 277*k + 1612. Determine p(86).
-22
Let w(f) = -22*f**2 - 20962*f - 83884. Calculate w(-4).
-388
Let q(f) = -179*f - 13527. Calculate q(-60).
-2787
Let w(b) = 4*b**2 + 47717*b + 190787. What is w(-4)?
-17
Let m(n) = -n**2 + 460*n + 12598. What is m(-26)?
-38
Let b(k) = 447703*k + 12087973. What is b(-27)?
-8
Let i(k) = -1549*k**3 + 2*k**2 + 17*k + 16. Give i(-1).
1550
Let q(z) = 2*z**2 - 107*z + 169. Calculate q(58).
691
Let c(p) = -p**3 - 194*p**2 - 381*p - 3589. Give c(-192).
-4165
Let y(m) = 58*m**2 - 462*m - 1846. Give y(-4).
930
Let i(t) = 103*t**2 - 2596*t + 508. What is i(25)?
-17
Let q(f) = -212*f**3 + 1901*f**2 + 166*f - 938. Determine q(9).
-11
Let p(l) = 2*l**3 + 28*l**2 - 72*l - 23. Determine p(-17).
-533
Let m(f) = 317905*f - 635762. What is m(2)?
48
Let s(g) = -222*g**2 - 3154*g + 64. Determine s(-13).
3548
Let d(x) = x**3 + 2*x**2 - 5996*x - 53435. Give d(-9).
-38
Let k(t) = 1166*t + 7074. Calculate k(-6).
78
Let r(d) = d**2 + 6506*d - 6507. Determine r(1).
0
Let g(f) = -3*f**2 + 1645*f + 191521. Calculate g(647).
9
Let v(y) = -3*y**3 - 107*y**2 - 232*y - 194. What is v(-33)?
-1250
Let c(a) = a**3 + 107*a**2 - 2733*a + 13550. Give c(7).
5
Let w(o) = -3*o**2 + 62*o + 230417. What is w(-267)?
-4
Let m(l) = -5*l**3 - 40*l**2 - 8*l - 6. Determine m(-10).
1074
Let r(w) = -w**3 + 22*w**2 + 60*w + 245. Determine r(26).
-899
Let o(h) = 35109*h + 35105. Calculate o(-1).
-4
Let u(s) = s**3 + 34*s**2 - 205*s - 6937. Give u(-34).
33
Let v(l) = -6*l**2 - 137*l - 1073. What is v(-20)?
-733
Let u(c) = -47505*c - 93843. What is u(-2)?
1167
Let i(l) = -46*l - 71. Determine i(-1).
-25
Let t(s) = s**3 + 65*s**2 - 1067*s - 4121. Give t(-78).
13
Let a(d) = 4*d**2 - 844*d + 838. What is a(1)?
-2
Let q(x) = -19*x**2 - 1251*x + 232. Give q(-66).
34
Let i(f) = -10744*f + 12570486. Give i(1170).
6
Let q(w) = w**3 + 123*w**2 - 299*w - 36826. Determine q(-123).
-49
Let h(i) = -3068*i + 242387. What is h(79)?
15
Let f(r) = 1086*r**2 + 3244*r - 34. Give f(-3).
8
Let b(l) = l**3 - 293*l**2 + 35*l - 10232. Give b(293).
23
Let j(t) = -701291*t + 5610330. Calculate j(8).
2
Let v(i) = -i**3 - 18*i**2 - 162*i - 2698. Give v(-18).
218
Let w(n) = -83686*n + 8201216. Determine w(98).
-12
Let q(l) = -42*l**2 - 1796*l - 3021. Give q(-41).
13
Let j(h) = h**3 + 21*h**2 + 116*h - 11. Determine j(0).
-11
Let x(l) = 5847*l + 847809. Give x(-145).
-6
Let i(r) = -r**3 + 227*r**2 + 291*r - 14419. Calculate i(228).
-55
Let w(k) = -2*k**2 - 188*k - 2310. Give w(-79).
60
Let f(h) = 402*h + 10853. What is f(-20)?
2813
Let f(b) = b**3 - 121*b**2 + 3679*b + 16. What is f(63)?
1591
Let w(j) = -j**3 + 20*j**2 - 204*j + 4814. Give w(21).
89
Let x(t) = -t**3 - 20*t**2 + 358*t - 1034. Determine x(6).
178
Let y(a) = -a**3 + 65*a**2 - 302*a + 7242. Determine y(62).
50
Let z(c) = 12*c**2 - 368*c + 115. Calculate z(32).
627
Let v(c) = -c**3 + 37*c**2 - 123*c + 865. What is v(34)?
151
Let u(s) = -406*s + 978. What is u(2)?
166
Let r(o) = -o**3 + 39*o**2 + 518*o + 1623. Calculate r(50).
23
Let w(n) = 2*n**3 + 52*n**2 - 413*n + 363. Give w(-32).
1291
Let f(t) = -t**3 + 41*t**2 + 28*t + 649. Determine f(42).
61
Let h(r) = -r**3 + 234*r**2 - 12531*r - 155. Give h(83).
11
Let x(j) = -4*j**2 + 441*j + 511. Determine x(108).
1483
Let m(v) = 66*v**2 - 653*v - 22. Give m(11).
781
Let h(i) = 20987*i - 63085. Give h(3).
-124
Let c(h) = -34*h**2 - 12*h + 57. Give c(-3).
-213
Let u(l) = -5*l**2 + 825*l - 13219. Give u(18).
11
Let g(y) = y**3 - 56*y**2 + 297*y - 147. Calculate g(50).
-297
Let s(z) = z**2 - 158*z - 9661. Determine s(-47).
-26
Let a(b) = -9845*b - 108319. Calculate a(-11).
-24
Let m(i) = 8*i**3 + 17*i**2 - 3199*i - 235. Calculate m(19).
-7
Let o(k) = -23*k**3 + 1056*k**2 + 67*k + 1124. Calculate o(46).
-26
Let m(b) = -15629*b + 93779. Determine m(6).
5
Let q(j) = 6*j**2 + 38*j - 25. Give q(-9).
119
Let u(d) = -18*d**2 + 33840*d + 546048. What is u(1896)?
0
Let d(g) = 711*g**2 + 5476*g + 7261. What is d(-6)?
1
Let d(r) = -r**3 + 16*r**2 + 290*r - 2289. Calculate d(15).
2286
Let x(p) = -349*p - 2003. Give x(-3).
-956
Let v(f) = -2022*f + 10003. Give v(5).
-107
Let x(g) = g**3 + 582*g**2 + 8316*g + 206758. Calculate x(-568).
6
Let k(o) = -2070885*o - 18637975. What is k(-9)?
-10
Let l(y) = 205904*y - 1029526. What is l(5)?
-6
Let u(h) = -5*h**3 + 317*h**2 + 586*h - 4298. Calculate u(65).
-8
Let p(j) = 20*j**2 + 153*j - 152. Determine p(1).
21
Let m(s) = 20897*s + 1316509. What is m(-63)?
-2
Let w(g) = -3*g - 388. Give w(65).
-583
Let r(g) = 8*g**3 + 818*g**2 - 18155*g - 617. Determine r(-121).
-12
Let c(x) = 8*x**2 + 109*x + 102. Calculate c(-14).
144
Let s(m) = -m**2 - 4201*m - 29344. Give s(-7).
14
Let a(p) = 2*p**3 - 50*p**2 - 246*p + 5355. What is a(25)?
-795
Let v(j) = -5*j**2 + 308*j - 3841. Give v(49).
-754
Let o(t) = 269904*t - 539726. What is o(2)?
82
Let j(a) = -17*a**2 + 2354*a - 11363. Calculate j(5).
-18
Let y(n) = -64784*n + 2526571. What is y(39)?
-5
Let y(a) = 2*a**3 - 32*a**2 + 540*a - 6715. Calculate y(14).
61
Let n(c) = 20069*c - 1083720. Give n(54).
6
Let u(m) = 4*m**2 - 131*m - 8037. Determine u(-35).
1448
Let q(n) = n**3 - 64*n - 129. Calculate q(-5).
66
Let g(x) = 11*x**3 - 2740*x**2 + 249*x - 31. What is g(249)?
-31
Let c(o) = -6*o**3 + 402*o**2 + 25*o - 1624. Determine c(67).
51
Let n(q) = -q**3 - 5*q**2 + 15*q + 28. Calculate n(-3).
-35
Let n(x) = -2*x**3 - 427*x**2 + 647*x + 378. Determine n(-215).
-52
Let a(g) = -485*g + 78605. Determine a(162).
35
Let v(i) = -i**2 - 109*i + 850. Determine v(-114).
280
Let k(s) = s**3 + 46*s**2 + 521*s + 78. Determine k(-22).
232
Let v(q) = 353*q - 13127. Determine v(43).
2052
Let b(w) = 2509*w + 75. Calculate b(0).
75
Let f(j) = 77*j**3 + 50*j**2 + 27*j + 59. Give f(-2).
-411
Let t(b) = -2*b**2 + 4859*b + 48832. Calculate t(-10).
42
Let c(k) = 3*k**2 - 647*k + 27084. What is c(159)?
54
Let j(z) = z**2 + 57*z + 770. Calculate j(-26).
-36
Let z(l) = -l**3 - 103*l**2 - 912*l + 1841. Calculate z(-93).
167
Let l(k) = 18*k**3 + 66*k**2 - 114*k + 6. C